- j + 2. List the prime factors of n(d).
2, 3, 5
Let o(s) = s**2 - 1. Let k be o(2). Let n(z) = -32*z**2 + 19*z + 8. Let x(i) = 15*i**2 - 9*i - 4. Let w(l) = 4*n(l) + 9*x(l). List the prime factors of w(k).
2, 11
Let i(p) be the first derivative of -7*p**4/4 - p**3 - 3*p**2 - 13*p + 230. Let f be (2/4)/((-5)/30). List the prime factors of i(f).
167
What are the prime factors of 2/10 + 52010*((-1414)/(-175) - 8)?
3, 19, 73
Suppose -36 + 33 = y, -2*g = -4*y - 11358. What are the prime factors of g?
3, 31, 61
Let l be (5 - 25)*2/(-8). Let j(x) = -x**3 + x**2 + x. Let z(n) = 3*n**3 + 4*n**2 - 12*n. Let o(s) = -5*j(s) - z(s). What are the prime factors of o(l)?
2, 3, 5
Let c(b) = 39*b**2 + 2*b - 2. Let j be c(3). Let a be (-34)/357 - (-7942)/42. Let m = j - a. What are the prime factors of m?
2, 83
Suppose -27*u + 33*u = 84. List the prime factors of (1659/u)/(4/24*3).
3, 79
Let i = -1083 - -6988. What are the prime factors of i?
5, 1181
Let z(h) = 2*h. Let j be z(-2). Let i be (30/j)/5*-2. Suppose i*g + g - 104 = 0. What are the prime factors of g?
2, 13
Let p(n) be the second derivative of n**3/6 + 27*n**2/2 + 24*n. Let d be p(-13). Let k(h) = 9*h + 26. What are the prime factors of k(d)?
2, 19
Let d(l) = 1096*l**2 - 17*l - 46. What are the prime factors of d(4)?
2, 31, 281
Suppose 4*m + 3*h + 516 = 0, -2*m - 153 = 2*h + 107. List the prime factors of ((-544)/40)/(-1 - m/130).
2, 13, 17
Let x(v) = 203*v - 717. List the prime factors of x(58).
11057
List the prime factors of 594/153 + (-6)/(-51) - (-1 + -20736).
7, 2963
Let o = 3308 + -2205. Suppose -o = -2*b + 127. List the prime factors of b.
3, 5, 41
Suppose -5*t - 4 = -6*t. Suppose t*s + 0*s + 9 = j, -s - 9 = -j. Let n = j + 18. List the prime factors of n.
3
List the prime factors of (-14)/(-21) + 4*228151/21.
2, 3, 7243
Let b(r) = 3699*r - 1695. What are the prime factors of b(3)?
2, 3, 1567
Suppose -2 + 12 = 5*g. Suppose 0 = 2*w + g*w + 20, 3*u - 11 = w. Suppose -u*b + 44 = 10. List the prime factors of b.
17
Let d(q) = 435*q + 722. What are the prime factors of d(7)?
3767
Let i = -1299 + 1544. What are the prime factors of i?
5, 7
Let t(b) = -504*b + 2175. What are the prime factors of t(-34)?
3, 41, 157
What are the prime factors of 15*(-18)/(-30) - -4996?
5, 7, 11, 13
Let g = 1668 + -1683. Let s = -134 - -50. Let l = g - s. What are the prime factors of l?
3, 23
Suppose -24*y = 17 - 137. Suppose -y*x + 39 = -136. List the prime factors of x.
5, 7
Let o(y) be the first derivative of 7*y**3/3 - 11*y**2 + 106*y + 107. What are the prime factors of o(7)?
5, 59
Let p be (-2)/4*(30 + -18). Let x be ((63/p)/7)/(9/(-30)). List the prime factors of ((-6)/x)/(18/(-60)).
2
Let q(t) = -2*t**2 - 9*t - 1. Let b be q(-4). Suppose 5*f + 5*a - 280 = 0, 0 = -5*f - b*a + 282 + 6. List the prime factors of f.
2, 3, 5
Let g be (-1 + -9)*-2*12/16. Let y(o) = -o**2 + 67*o + 21. List the prime factors of y(g).
3, 89
Let z be ((-1286)/(-8))/(1/4). Let g = z + -384. List the prime factors of g.
7, 37
Let u(x) = -3*x - 61. Let o be u(-23). What are the prime factors of 10/(-20) + 5212/o?
3, 7, 31
Let b be (-7)/(-28) - (-11)/4. Suppose -3 = m - 3*s - 105, -326 = -b*m + 4*s. What are the prime factors of m?
2, 3, 19
Let w(o) be the second derivative of 5*o**3/3 + 65*o**2/2 + 71*o. List the prime factors of w(30).
5, 73
What are the prime factors of (-22 - -4)*(-40409)/102?
3, 2377
Suppose -36 = 4*j - 13*j. Suppose 0 = a - 5, -s - a = s - 449. Suppose f + f = j*m + s, 4*f + 3*m - 389 = 0. What are the prime factors of f?
101
Suppose 4*c + 5*o = -522, 3*c + 388 = -0*o - 2*o. Let q = 85 + c. Let t = -41 - q. List the prime factors of t.
2
Suppose -38961 + 6177 = -4*y. Suppose -2643 + y = 9*h. List the prime factors of h.
617
Let h(i) = -i**3 - 10*i**2 - 5*i - 8. Let s be h(-10). Let x = 68 + s. What are the prime factors of x?
2, 5, 11
Let k = -64706 + 132436. List the prime factors of k.
2, 5, 13, 521
What are the prime factors of 65/(8 + -13) + 7232?
7219
Let m(d) = d**3 + 9*d**2 + 10*d + 3*d**2 - 8*d. Let s = -803 - -796. What are the prime factors of m(s)?
3, 7, 11
Let f be (10/(-25))/(((-14)/200)/7). Let z = -38 + f. Suppose 0 = 5*l + 2*g - 693, -z*g + 691 = 5*l + 2*g. List the prime factors of l.
139
Let j(h) be the second derivative of 5*h**4/12 - h**3/3 - 6*h**2 - 26*h. Let k be j(4). Suppose 0 = -2*t + 3 + 7, -t = d - k. What are the prime factors of d?
5, 11
Let m(u) = -18*u**3 + 17*u**3 - 26*u - 5 + 15*u**2 + 8*u**2 - 5. What are the prime factors of m(21)?
2, 163
Let m be 9/6*(-4)/6*-4. Suppose m*g + 3*t - 1088 = 0, -119 = 3*g - 2*t - 935. What are the prime factors of g?
2, 17
List the prime factors of (318/(-12) + 165/15)*(-423 + 1).
31, 211
Let b = -189 + 119. Let y = b - -74. Suppose 2*p - 344 = y*c, -3*c + 679 = 4*p - 2*c. List the prime factors of p.
2, 5, 17
Suppose 3*m - 21 = 2*m. Let p(f) = 3*f**2 + m - 19 + 7 + 5 - 4*f. What are the prime factors of p(5)?
3, 23
Suppose 0 = -92*w + 320*w - 1970148. What are the prime factors of w?
8641
What are the prime factors of 8/26 - (-12720848)/2756?
2, 577
Let n(t) = 4*t**2 + t + 4. Let k be n(-2). Let p be (-12)/54 - (-22)/k. Suppose 4 = f - p, -53 = -2*z - 5*f. List the prime factors of z.
2, 7
List the prime factors of 2/(-5) + (1042060/(-50))/(3/(-6)).
2, 3, 6947
Let d(m) be the third derivative of m**5/30 + 11*m**4/24 - 7*m**3/6 + 3*m**2. List the prime factors of d(-19).
2, 11, 23
Suppose 4 = b + 4*v, 0*b - 2*v - 12 = -3*b. Suppose -b*y = 12, 4*d + 11*y = 8*y + 2903. List the prime factors of d.
2, 7, 13
Suppose -2*k - 264 = -14*k. Suppose k - 123 = -3*h + 2*a, 4*h - 134 = 3*a. List the prime factors of 4333/h + 2/10.
2, 31
Suppose 0 = -5*p - 3*t + 34, p + 3*t = 2*t + 8. What are the prime factors of (129/27 - p) + (-23334)/(-27)?
2, 3
Let s = -7151 + 14883. List the prime factors of s.
2, 1933
Let s be 2*4 - (43 + -35). Suppose 2*k + 5*a - 671 = -155, s = 2*k - 3*a - 532. List the prime factors of k.
263
Let y(v) = 795*v + 112. Let p be y(5). Suppose 18*k - p = 2429. List the prime factors of k.
2, 181
Suppose 4*a - 4752 = -9*r + 6*r, -3*a = 0. List the prime factors of r.
2, 3, 11
Suppose -4942 = -2*o - 2*q, -18*q = -4*o - 17*q + 9869. List the prime factors of o.
2, 617
Let b(g) = -5*g**3 + 2*g**2 - g - 1. Let x be b(-2). Let t = x + -2. Let o = 81 - t. List the prime factors of o.
2, 17
Suppose -3*v + 5*v = -5*k + 214, 5*k = 10. Suppose -480 = 129*u - 139*u. Suppose -3*l - u = -w - 6, -v = -3*w - 3*l. List the prime factors of w.
2, 3
Let q(c) = 421*c**2 + 232*c + 26. List the prime factors of q(4).
2, 5, 769
Let i(u) = 16*u + 116. Let w be i(-6). Suppose -w*z = -1162 - 738. What are the prime factors of z?
5, 19
Suppose 5*z - 3*o - 345891 = 0, -143*z - 276717 = -147*z + 3*o. List the prime factors of z.
2, 3, 7, 61
What are the prime factors of (275/(-55))/((-5)/4314)?
2, 3, 719
Let q = 10725 + -5586. What are the prime factors of q?
3, 571
Let h be 2/2*-11 - 1. Let b be (-8)/(-12)*(-8 + 2). What are the prime factors of 1/h*b*99?
3, 11
Suppose 23*a - 4 = 180. What are the prime factors of 232 - (-1 - (a - 1 - 4))?
2, 59
Let l(m) = 19*m**2 - 15*m - 74. Let s be l(-16). Suppose 2*w = -8*w + s. What are the prime factors of w?
503
Let q be 3 + (-1526)/(-18) + (-6)/(-27). Suppose -g = -q - 353. What are the prime factors of g?
3, 7
What are the prime factors of 24347 + -116 + (-12)/(-1)?
3, 8081
Let z be -2*(2 + (-84)/(-8)). List the prime factors of (-12)/(-150) - 3623/z.
5, 29
Let d = 55115 - 13591. List the prime factors of d.
2, 7, 1483
Let p(q) = 799*q**2 + 239*q + 2467. List the prime factors of p(-10).
3, 53, 503
Let y(t) = t**3 - 5*t**2 - 16*t + 26. Let h be y(15). Let n = -1390 + h. List the prime factors of n.
2, 17, 19
Let d(g) = -2*g**3 - 15*g**2 + 11*g - 2. Let j be d(-8). Let y(b) = -b**3 - 27*b**2 - 52*b + 28. List the prime factors of y(j).
2, 11
Let q(x) = 922*x + 308. List the prime factors of q(4).
2, 3, 37
Suppose 12 = 13*t - 40. Suppose 4*k - t*v = 324, k - 6*v = -3*v + 79. List the prime factors of k.
2, 41
Let t = -668 + 664. Suppose 5*z = -3*a + 10, -3*z - 3*a - 10 = -8*z. List the prime factors of (-141)/z*t*(-1)/(-2).
3, 47
Let d(k) = 2*k + 17. Let r be d(-11). Let z = -39 + 106. Let b = r + z. List the prime factors of